ivided by 53766?
7
What is the remainder when 34045 is divided by 227?
222
Calculate the remainder when 43126 is divided by 1398.
1186
What is the remainder when 692682 is divided by 63?
60
What is the remainder when 58387 is divided by 811?
806
What is the remainder when 354299 is divided by 8?
3
Calculate the remainder when 65569 is divided by 1042.
965
What is the remainder when 6792 is divided by 167?
112
Calculate the remainder when 1985758 is divided by 21.
19
Calculate the remainder when 60511 is divided by 23.
21
Calculate the remainder when 290 is divided by 65.
30
Calculate the remainder when 17920 is divided by 3583.
5
Calculate the remainder when 2814 is divided by 2652.
162
What is the remainder when 25548 is divided by 12770?
8
Calculate the remainder when 8188 is divided by 63.
61
What is the remainder when 3656 is divided by 733?
724
Calculate the remainder when 46926 is divided by 1169.
166
Calculate the remainder when 35464 is divided by 657.
643
What is the remainder when 5965484 is divided by 31?
30
Calculate the remainder when 10637 is divided by 133.
130
Calculate the remainder when 7131 is divided by 995.
166
Calculate the remainder when 18141 is divided by 47.
46
Calculate the remainder when 33001 is divided by 1650.
1
Calculate the remainder when 6348 is divided by 217.
55
Calculate the remainder when 35320 is divided by 64.
56
Calculate the remainder when 4838 is divided by 1532.
242
What is the remainder when 13508 is divided by 587?
7
What is the remainder when 141427 is divided by 7855?
37
What is the remainder when 23401 is divided by 263?
257
Calculate the remainder when 925885 is divided by 105.
100
Calculate the remainder when 3883613 is divided by 32.
29
What is the remainder when 11098 is divided by 10047?
1051
Calculate the remainder when 32596 is divided by 1086.
16
What is the remainder when 34439 is divided by 24?
23
Calculate the remainder when 906664 is divided by 41.
31
What is the remainder when 13975 is divided by 36?
7
Calculate the remainder when 1797 is divided by 893.
11
Calculate the remainder when 2552 is divided by 556.
328
What is the remainder when 2834423 is divided by 55?
53
What is the remainder when 24249 is divided by 12108?
33
Calculate the remainder when 124663 is divided by 15.
13
Calculate the remainder when 599 is divided by 16.
7
What is the remainder when 2776 is divided by 523?
161
Calculate the remainder when 126138 is divided by 42046.
0
Calculate the remainder when 44958 is divided by 14970.
48
Calculate the remainder when 98842 is divided by 232.
10
What is the remainder when 17431 is divided by 335?
11
What is the remainder when 1462 is divided by 78?
58
Calculate the remainder when 36739 is divided by 37.
35
What is the remainder when 458128 is divided by 91621?
23
What is the remainder when 27764 is divided by 36?
8
What is the remainder when 226451 is divided by 113?
112
What is the remainder when 545277 is divided by 47?
30
What is the remainder when 96517 is divided by 675?
667
What is the remainder when 3120 is divided by 19?
4
What is the remainder when 173666 is divided by 10?
6
Calculate the remainder when 68738 is divided by 30.
8
Calculate the remainder when 14818 is divided by 10.
8
What is the remainder when 885 is divided by 218?
13
Calculate the remainder when 51908 is divided by 18.
14
What is the remainder when 1598 is divided by 516?
50
Calculate the remainder when 7306 is divided by 489.
460
What is the remainder when 390865 is divided by 19?
16
Calculate the remainder when 8749 is divided by 663.
130
Calculate the remainder when 15416 is divided by 37.
24
Calculate the remainder when 1697468 is divided by 1684.
1680
What is the remainder when 16366 is divided by 39?
25
Calculate the remainder when 4619 is divided by 2301.
17
Calculate the remainder when 9781 is divided by 891.
871
Calculate the remainder when 8581 is divided by 209.
12
Calculate the remainder when 4154 is divided by 4136.
18
Calculate the remainder when 22108 is divided by 175.
58
What is the remainder when 140114 is divided by 15?
14
What is the remainder when 179685 is divided by 22447?
109
What is the remainder when 1336113 is divided by 92?
89
Calculate the remainder when 6068 is divided by 252.
20
Calculate the remainder when 1526 is divided by 379.
10
Calculate the remainder when 10555 is divided by 182.
181
Calculate the remainder when 7999 is divided by 308.
299
Calculate the remainder when 307879 is divided by 617.
613
What is the remainder when 1961 is divided by 9?
8
What is the remainder when 954 is divided by 7?
2
What is the remainder when 101433 is divided by 214?
211
What is the remainder when 32503 is divided by 10805?
88
Calculate the remainder when 4500 is divided by 1495.
15
What is the remainder when 10679 is divided by 2123?
64
Calculate the remainder when 8317 is divided by 77.
1
What is the remainder when 2654 is divided by 217?
50
What is the remainder when 58083 is divided by 38?
19
Calculate the remainder when 6279 is divided by 563.
86
What is the remainder when 1766 is divided by 71?
62
What is the remainder when 540 is divided by 11?
1
What is the remainder when 545 is divided by 322?
223
What is the remainder when 126 is divided by 35?
21
What is the remainder when 40705 is divided by 403?
2
Calculate the remainder when 18160 is divided by 1512.
16
Calculate the remainder when 204528 is divided by 79.
76
Calculate the remainder when 2125 is divided by 3.
1
What is the remainder when 985 is divided by 56?
33
What is the remainder when 1417 is divided by 6?
1
Calculate the remainder when 71051 is divided by 3380.
71
Calculate the remainder when 5002 is divided by 326.
112
What is the remainder when 11358 is divided by 955?
853
What is the remainder when 25756 is divided by 8570?
46
What is the remainder when 1888 is divided by 937?
14
What is the remainder when 31862 is divided by 227?
82
Calculate the remainder when 576852 is divided by 135.
132
What is the remainder when 5113 is divided by 2545?
23
Calculate the remainder when 384721 is divided by 26.
25
Calculate the remainder when 1692 is divided by 1681.
11
Calculate the remainder when 1623 is divided by 249.
129
Calculate the remainder when 135537 is divided by 189.
24
Calculate the remainder when 731154 is divided by 243712.
18
Calculate the remainder when 11029 is divided by 9.
4
What is the remainder when 10372999 is divided by 1804?
1803
What is the remainder when 1111 is divided by 235?
171
Calculate the remainder when 246676 is divided by 366.
358
Calculate the remainder when 261 is divided by 40.
21
What is the remainder when 894 is divided by 121?
47
What is the remainder when 8115 is divided by 56?
51
What is the remainder when 40340 is divided by 114?
98
What is the remainder when 11888 is divided by 145?
143
Calculate the remainder when 1978 is divided by 660.
658
What is the remainder when 4013492 is divided by 108?
104
Calculate the remainder when 151 is divided by 60.
31
Calculate the remainder when 79333 is divided by 5.
3
Calculate the remainder when 45844 is divided by 112.
36
Calculate the remainder when 4543 is divided by 126.
7
What is the remainder when 9615 is divided by 42?
39
What is the remainder when 2952 is divided by 354?
120
Calculate the remainder when 8525 is divided by 1702.
15
What is the remainder when 46789 is divided by 351?
106
What is the remainder when 7143 is divided by 188?
187
What is the remainder when 4463 is divided by 71?
61
Calculate the remainder when 8184 is divided by 1018.
40
Calculate the remainder when 713 is divided by 641.
72
Calculate the remainder when 1583 is divided by 526.
5
Calculate the remainder when 17555 is divided by 28.
27
Calculate the remainder when 35951 is divided by 89.
84
What is the remainder when 7457 is divided by 902?
241
What is the remainder when 11039 is divided by 345?
344
What is the remainder when 2511 is divided by 813?
72
What is the remainder when 319343 is divided by 777?
773
What is the remainder when 1530150 is divided by 255024?
6
What is the remainder when 297276 is divided by 1085?
1071
Calculate the remainder when 16936 is divided by 16889.
47
What is the remainder when 49277 is divided by 53?
40
Calculate 